 j = 0. What is the units digit of u?
5
Suppose 0*u - 20*u + 8080 = 0. What is the units digit of u?
4
Let t = 90 - 25. Suppose 242 = t*p - 63*p. What is the units digit of p?
1
Let v = 47 - 45. What is the units digit of (-492)/(-9)*(3/(-6) + v)?
2
What is the thousands digit of 16665/202*(552/(-15))/(-1)?
3
Suppose -x - x = -10, x = 5*d. Let a be 10/(-10)*d*-5. Suppose -a*i - v = -270, 0*v + 190 = 3*i - 5*v. What is the tens digit of i?
5
Let n(i) = 3*i + 2. Let h be n(-2). What is the units digit of h/6 - (6 - 735/9)?
5
Let d be (25/(-5))/(-5) + 1. Suppose -4*w + 5*r + 3171 = 0, 3*r + 2392 = 3*w + d*r. What is the tens digit of (w/17)/(2 + -1)?
4
Let t = 53 - 167. Let a be 6/(-21) + t/(-7). Suppose a*h - 15*h = 5. What is the units digit of h?
5
Let z(i) be the third derivative of -i**4/6 + 115*i**3/6 + 18*i**2. What is the units digit of z(0)?
5
Let z be 30/(-25)*(1 - 37/(-3)). Let r = z - -26. What is the tens digit of r?
1
Let h = -9 - -15. Let q(g) be the first derivative of 2*g**3/3 - g**2 - 16*g - 16. What is the units digit of q(h)?
4
Let k be 4/(-14) - 368/(-14). Suppose 40 = s - k. What is the tens digit of s?
6
Suppose -13 + 1 = -3*t. Suppose -t*g - 4*k = 8, 0*g + g - 14 = -5*k. What is the tens digit of 34 - 4/(8/g)?
3
Let o(a) = a**3 - 2*a**2 + a - 25. Let s be o(0). Let y be 5/s*-5 + 3. Suppose 0 = y*n - 4. What is the units digit of n?
1
Let q = 869 - -624. What is the units digit of q?
3
Let n(y) = 22*y**2 + 3*y - 2. Let j(z) = z**3 - 13*z**2 + z - 11. Let o be j(13). Let d be n(o). Let r = d + -49. What is the units digit of r?
3
Let j(w) = 8 + 6 + 1 + 45*w - 4. What is the units digit of j(3)?
6
Suppose 0 = 2*u - 16. What is the hundreds digit of 7641/36 + (-2)/u?
2
Suppose 2*o = 6*o - 2*l - 496, 3*l = -12. Let n = o + -47. Suppose -8*m + 3*m = -n. What is the units digit of m?
5
Suppose -3*w = -2 - 13. Suppose -3*s + 480 = s - 2*y, -y + 607 = w*s. Suppose s = -5*z + 361. What is the units digit of z?
8
Let d be (-7)/(-2 + (-27)/(-15)). Let c = 109 + d. Suppose 3*q + c = 11*q. What is the tens digit of q?
1
Let z(u) = -u**3 + 22*u**2 - 18*u + 14. Let y be z(21). Let g = -71 + y. What is the units digit of g?
6
Suppose 5*s - 2*a - 9 = a, -4*s - 3*a + 18 = 0. Suppose 0 = -4*t + s*t + 6. Let c(x) = -x**2 + 6*x + 6. What is the units digit of c(t)?
6
Let l(b) = -b**3 + b - 1. Let i(d) = 5*d**3 + 10*d**2 - 15*d + 1. Let p(h) = -i(h) - 6*l(h). Let j = 17 - 8. What is the units digit of p(j)?
5
Let q(u) = -3*u**3 - 17*u**2 - 8. Let l(k) = -k**3 + k - 1. Let t(w) = 4*l(w) - q(w). What is the tens digit of t(17)?
7
Suppose -105 = -4*a - k, -4*k + 39 + 43 = 3*a. Let u = a + -14. What is the tens digit of u?
1
Let b(z) = -z**3 + 9*z**2 + 11*z - 5. Suppose 0 = 4*h - 2*s - 30, h + 6*s - 2*s - 30 = 0. Let a be b(h). What is the units digit of (2 + -32)*a/(-10)?
5
Let s(n) = n**3 - 8*n**2 - n + 10. Let h be s(8). Let p be 1029/33 + 10/(-55). Let a = p + h. What is the units digit of a?
3
Let u(r) = -2*r - 2. Let s be u(-2). Suppose -35 - 35 = -s*m. What is the tens digit of m?
3
What is the tens digit of (-28)/((96/(-136))/12)?
7
Suppose 3*r - 3*j - 12 = -69, 5*r = -3*j - 103. Let t = -4 - r. What is the units digit of t?
6
Suppose 0 = -4*p + 3*o + 579, -2*p - 5*o - 149 = -3*p. Let h = 346 - p. What is the units digit of h?
2
Suppose i = -19 + 9. Let x = -29 + -7. Let b = i - x. What is the tens digit of b?
2
Suppose -10*g = -7*g - 2*w - 985, 1280 = 4*g + 4*w. What is the tens digit of g?
2
Suppose 749 = 3*z + 5*l, 19 = -2*z - 4*l + 519. What is the units digit of z?
8
Suppose 4*s - 583 = 12321. What is the thousands digit of s?
3
Suppose 3*m + 131 = 1532. What is the tens digit of m?
6
Let l = 64 + -48. What is the units digit of (-3 - (-52)/l)*4?
1
Suppose -131*x = -148*x + 18870. What is the thousands digit of x?
1
Let c be (99/(-5))/((-6)/20). Suppose 0 = -w - 0*w + c. What is the tens digit of w?
6
Suppose -2*a + 240 = -v, a + v + 34 = 151. Suppose 2*d = 37 + a. What is the units digit of d?
8
Suppose 574 = -4*b + 1542. Suppose -b + 676 = 7*s. What is the units digit of s?
2
Suppose -3*j + 2*j = -5. Suppose 81 + 74 = j*g. Let a = g - 13. What is the tens digit of a?
1
Let y(c) = 131*c**2 - 22. What is the hundreds digit of y(-6)?
6
Suppose -7*g - 6 = -6*g. Let z be (g/(-4))/((-9)/(-1164)). Suppose -4*m = -5*t - z, m + 3*m - 3*t = 190. What is the units digit of m?
6
What is the hundreds digit of 525 + (14 - (-4 - -11))?
5
Let f(t) = -6*t - 13. Let j be f(6). Let c be 227/3 + 2/(-3). Let v = c + j. What is the tens digit of v?
2
Suppose 5*d + 12 = 8*d. Suppose 0 = -2*z + d*z - 114. What is the units digit of z?
7
Let q be ((-4)/18*39)/((-4)/54). Let b = -14 + q. What is the tens digit of b?
0
Let z(y) = -y**2 - 42*y - 54. What is the units digit of z(-21)?
7
Let c(l) = -54*l - 1. What is the hundreds digit of c(-8)?
4
Suppose 3*b = 7*b - 20. Suppose -2*f + 60 = 5*d, 0 = 5*f + d + b - 132. What is the tens digit of f?
2
Suppose 32*c - 69*c + 7511 = 0. What is the hundreds digit of c?
2
Let p = 41 + -221. What is the tens digit of (p/8)/(3/(-6))?
4
Let w = 20 - 15. Suppose -20 = 4*a - c - 385, -w*a = 3*c - 435. What is the tens digit of a?
9
What is the tens digit of -4 + 644/(63/9)?
8
Suppose 10*x = 5*x + 395. Let u = x - 77. What is the units digit of u?
2
Let a be 3 + (3 - 3) - 11. Let y be 7/2 + (-4)/a. Suppose 6*h - y*h = 2. What is the units digit of h?
1
Let w(k) = 3 + 14 + 0 + 3 - 54*k. What is the hundreds digit of w(-2)?
1
Suppose -10*h + 15*h - 15 = 0, -3*i + h + 723 = 0. Let y = -104 + i. What is the hundreds digit of y?
1
Suppose -2*p - 16 = -0*p. Let u(x) = 3*x**2 - 10*x - 11. What is the units digit of u(p)?
1
Let k(h) = h**3 - h**2 - 3*h + 4. Suppose -8 = -4*j + 4*d - 4, 0 = -5*j + 3*d + 11. What is the tens digit of k(j)?
4
Let d be 10/(-2)*(-32)/(-10). What is the tens digit of d/24*354/(-4)?
5
What is the units digit of (-4 + 5)*-63*6*-1?
8
Suppose 736 = q + 5*a, -30*a + 25*a - 10 = 0. What is the tens digit of q?
4
Suppose 2*k + 6 = 4*k, 5*k = 5*a - 135. Let h = 34 - a. What is the units digit of h?
4
Let n be (-3)/(-3 - 399/(-134)). Let a = n - -119. What is the units digit of a?
3
Let p(k) = -k**2 + 28*k - 111. What is the units digit of p(14)?
5
Let v(a) = -114*a - 32. Let m be v(-9). Suppose 14*k - m = 7*k. What is the hundreds digit of k?
1
What is the tens digit of ((-2)/4)/(-1*(-2)/(-2532))?
3
Let n = 19 - 19. Suppose n*m = 3*m. Let r = 16 + m. What is the units digit of r?
6
Suppose -i + 19 = 7*f - 2*f, f + 3*i = 15. Let n = f - 0. What is the units digit of n?
3
Suppose 4*r + 12*r - 9792 = 0. What is the units digit of r?
2
Suppose 6054 = 2*o + 150*n - 146*n, -2*o + 6044 = -n. What is the hundreds digit of o?
0
Let d(i) = -134*i**3 - 2*i**2 - 16. What is the thousands digit of d(-3)?
3
Let k(d) = -1054*d + 1055*d + 28 + 1. Let w(j) = -j**3 - 4*j**2 + 4*j + 2. Let r be w(-4). What is the tens digit of k(r)?
1
Let m(g) = 4*g**3 - 8*g**2 - 28*g - 20. What is the hundreds digit of m(10)?
9
Let l(w) = -227*w - 55. What is the hundreds digit of l(-4)?
8
Let i(s) = 172*s - 117. What is the hundreds digit of i(5)?
7
Let r(b) be the first derivative of b**4/4 - 4*b**3 + 3*b**2/2 - 15*b + 12. What is the tens digit of r(12)?
2
Suppose -i = 5*k + 18, -k - 4 = 2*i + 5. What is the units digit of -45*8*i/18?
0
Suppose 18 = 3*f - 0*f. Let k be 138/(-8) - f/(-24). Let b = -12 - k. What is the units digit of b?
5
Let l(f) = 2*f**3 + 9*f**2 + 2*f + 2. Let a be l(-6). Let v = a - -302. What is the units digit of v?
4
Suppose -2*c + c = -3. Suppose k - c*k = -14. Let n(b) = 2*b - 9. What is the units digit of n(k)?
5
Suppose -527*k + 1295 = -522*k. What is the hundreds digit of k?
2
Suppose 0 = 3*n + 2*n - 260. Suppose n = 2*y - 54. What is the tens digit of y?
5
Suppose 2*v + 4*c = 18, 0*v - 2*c = 5*v - 5. Let m be 3 + (-2 - (v - -17)). What is the units digit of 3/5 + (-171)/m?
2
Suppose -14*z + 15*z - 1057 = -2*j, -3*j = -4*z + 4261. What is the thousands digit of z?
1
Suppose -9*q + 47 = -4*v - 14*q, 34 = -3*v - 4*q. Let w = v - -131. What is the units digit of w?
3
Suppose 11*k = 17*k - 522. What is the tens digit of k - 0 - ((6 - 3) + -7)?
9
Let h = 4645 + -2437. What is the units digit of h?
8
Let h(y) = 4*y + 26. 